hen j is divided by 2.
0
Let l = -39 - -149. What is the remainder when l is divided by 38?
34
Let h = 7 + -4. Suppose 0 = z + h*z - 8. What is the remainder when 5 is divided by z?
1
Let r be -2 - -5*1 - 0. Suppose -5*c + 46 = r*y, 2*c + 3*c = -4*y + 43. Suppose 0*g - 40 = -2*g. Calculate the remainder when g is divided by c.
9
What is the remainder when 744/18 + (-6)/(-9) is divided by 22?
20
Suppose o = -0*o + 54. Suppose -7*x + 145 + 51 = 0. Calculate the remainder when o is divided by x.
26
Let k be 1/(-4) - (-594)/8. Suppose -4*s + 2*s = -16. What is the remainder when s is divided by 4/(-14) - k/(-14)?
3
Let n(w) = 9*w**3 - 5*w + 5. Calculate the remainder when n(2) is divided by 17.
16
Let u(x) = -5*x**3 - 7*x**2 - 3*x. Calculate the remainder when 34 is divided by u(-2).
16
Let q(x) be the second derivative of 2*x**4/3 + x**3/3 + 2*x. Let v be q(2). Suppose -6 + v = 3*a. What is the remainder when 29 is divided by a?
9
Suppose -3*y + 14*y = 363. What is the remainder when 162 is divided by y?
30
Let a = -47 - -56. Calculate the remainder when (1 - 8*-2)/1 is divided by a.
8
Suppose 0 = 3*d + 18 - 54. What is the remainder when 21 is divided by d?
9
Let x(v) = 34*v. Let c be x(1). Suppose 2*l - 24 = c. What is the remainder when 113 is divided by l?
26
Let h be (28/(-6))/(12/(-18)). Suppose -2*p + h*p = 60. Calculate the remainder when p/(-4) + (-3 - -17) is divided by 6.
5
Let f(i) = -3*i. Let a be f(2). Let q(m) = -m**3 + 48 - 4*m + 7*m**2 + 7*m + 2*m**3 - 53. What is the remainder when q(a) is divided by 5?
3
Suppose -2*m + m = -2*i - 1, 4*i - 4*m = 8. Let z(t) = 9*t + 1. Let g be z(6). Let o = g + i. Calculate the remainder when o is divided by 18.
16
Suppose 9*u - 2*x - 382 = 4*u, -4*x + 16 = 0. What is the remainder when u is divided by 27?
24
Let n = 6 + -4. Let q = 20 + -12. Suppose 3*l - 2*r + r - q = 0, 3 = -n*l - r. Calculate the remainder when l is divided by 1.
0
Let j = 292 - 434. Let q = j - -200. Calculate the remainder when q is divided by 15.
13
Let r(p) be the third derivative of -5*p**4/24 + p**3/2 + 4*p**2. What is the remainder when r(-3) is divided by 7?
4
Let x(t) = -t**3 + 12*t**2 + 16*t - 3. What is the remainder when x(13) is divided by 13?
10
Let f(c) = -c + 2. Let d be f(0). Let w = -11 + -22. Calculate the remainder when 44 is divided by d/(-11) - 501/w.
14
What is the remainder when -25 + 124 - -1*1 is divided by 17?
15
Suppose -3*p + 24 = 3*m - 27, -2*p = 4*m - 42. Calculate the remainder when 36 is divided by p.
10
What is the remainder when 930/(-9)*12/(-8) is divided by 12?
11
Let q = 83 + -74. What is the remainder when 9 is divided by q?
0
Suppose -2*o = 3*o - 80. Suppose -o - 2 = -2*d. Let f = d - 0. What is the remainder when f is divided by 5?
4
Suppose 50 = -5*g + 10*g. Suppose 4*y + 76 = 6*y. Calculate the remainder when y is divided by g.
8
Suppose -6 = -4*k + 2*c - 0, 9 = 3*k - 3*c. Suppose -24 = -4*z + m, k = 4*z + z + 5*m - 55. Calculate the remainder when 27 is divided by z.
6
Suppose -4*p + 6 + 2 = 0. Let q = 2 + p. Suppose q*r = -3*c + 31, -r + 47 = 5*c + r. What is the remainder when 25 is divided by c?
7
Let x(y) = y**3 + 8*y**2 + 10*y + 27. Calculate the remainder when x(-5) is divided by 11.
8
Suppose 4*k = 6 + 6. Suppose -g - k + 10 = 0. Calculate the remainder when 18 is divided by g.
4
Let x be (-45)/(-12) - 1/(-4). Suppose 2*g + x = -2. Let f = 23 + g. What is the remainder when f is divided by 11?
9
Suppose 4*k + 2*s + 2*s - 56 = 0, -4*k + 51 = -s. Suppose -4*o = o - 3*d - 176, 2*d = 2*o - 68. What is the remainder when o is divided by k?
11
Let h = 29 - 4. Suppose 41 = j - h. Suppose -u = 2*u - j. Calculate the remainder when u is divided by 8.
6
Suppose -4*r + 2*r + 116 = 0. What is the remainder when r is divided by 20?
18
Suppose 2*j = -n + 2*n + 30, 4*j = -4*n - 108. Let o = -2 - n. What is the remainder when o is divided by 14?
12
Suppose 0 = -t + 6 + 8. Let d(g) = -g**3 - 5*g**2 - 4*g + 1. Let l be d(-4). Let b = 25 + l. Calculate the remainder when b is divided by t.
12
Let b(h) = 3*h**2 + 8*h + 3. What is the remainder when 27 is divided by b(-3)?
3
Suppose -v = 3*c - 4*v - 645, 4*v = -c + 215. Suppose c = 3*z + 2*p, 3*p = -5 - 10. Calculate the remainder when z is divided by 39.
36
Suppose -2*q + 4*f - 10 = -7*q, 4 = 2*q + 2*f. Suppose -2*a = q*a. Suppose 2*c = -a + 4. What is the remainder when 4 is divided by c?
0
Calculate the remainder when 11 is divided by (2*-2)/(16/(-12)).
2
What is the remainder when 1 - (-32 + 0/2) is divided by 5?
3
Let o(q) = -q**2 + 6*q - 2. Let b be o(6). What is the remainder when (-77)/b + (-4)/(-8) is divided by 14?
11
Suppose 5*v + 2*r = 6, -4*r + 15 = -v + r. Suppose 48 = -v*z + 2*z. Calculate the remainder when z is divided by 9.
6
Let i = -32 + 45. What is the remainder when 23 is divided by i?
10
Suppose l - 5*m - 3 = 0, 3*l - 28 = -3*m - 1. Calculate the remainder when (-2)/((-34)/30 + 1) is divided by l.
7
Suppose -3*j + 43 = -143. Suppose 5*o = j + 263. Calculate the remainder when o is divided by 22.
21
Let s(u) = -6*u - 6. Suppose c - 4*h = -9*h + 15, -29 = -c + 2*h. Calculate the remainder when s(-9) is divided by c.
23
Suppose -4*g = -2*l - 70, 3*g + 14 = 4*l + 79. Calculate the remainder when 52 is divided by g.
7
Suppose 3*w - 3*h + 3 = 102, 0 = 5*h - 5. What is the remainder when 100 is divided by w?
32
Suppose -5*v = -214 - 171. Suppose -3*x + 46 = c, -2*c = x - 0*x - v. Suppose 0 = -z + 19 - 6. Calculate the remainder when c is divided by z.
11
Suppose 5*c + 35 = 110. What is the remainder when c is divided by 4?
3
Let d(h) = -6*h + h**2 + 2 - 4 + 2 - 5. What is the remainder when 20 is divided by d(8)?
9
Suppose -3*p + 5*r = 0, 4*r - 3*r + 17 = 4*p. Calculate the remainder when p is divided by (-6)/(1/(1/(-2))).
2
Let d(h) = h**2 - h - 1. Let t = -9 - -21. Let p(x) = -x**3 + 12*x**2 + 9. Calculate the remainder when p(t) is divided by d(3).
4
Let l = 2 + 10. Suppose 5*i - 57 = -3*f, f - 2*i - 36 = 2*i. Let z = f + -1. Calculate the remainder when z is divided by l.
11
Let b(m) = -2*m - 26. Calculate the remainder when 26 is divided by b(-20).
12
Suppose 0*v - 7 = -v. Let t = -11 + 18. Let x = -3 + t. What is the remainder when v is divided by x?
3
Suppose -115*t = -119*t + 212. Suppose 5*w - 4 = -19. Calculate the remainder when t is divided by 9/w*(-14)/3.
11
Let r(s) = 50*s. Let y be r(1). Suppose 5*i + 5*q - 30 = -0*i, -3*i = -q - 26. Suppose i*c = 3*c + y. What is the remainder when 19 is divided by c?
9
Let o(z) = 3*z**3 - 4*z**2 + 5*z - 4. What is the remainder when 54 is divided by o(2)?
12
Suppose 5 = -a - 2*c, -5*c - 30 = -3*a + 2*a. Suppose -4*p = 0, -a*p + 0*p = 3*z - 33. What is the remainder when z is divided by 7?
4
Let i = 8 - -15. Suppose 5*z = -4*y + z + 52, -5*y + 3*z = -57. What is the remainder when i is divided by y?
11
Suppose 0 = 5*f - 3*i - 369, 6*i + 142 = 2*f + 2*i. What is the remainder when f is divided by 19?
18
Let n(h) = -h**3 + 2*h**2 + 3*h + 2. What is the remainder when (-1)/(188/(-184) + 1) is divided by n(-2)?
10
Suppose 2*k + 3*x + 0*x = 78, 82 = 2*k + 4*x. Suppose 3*t - 5*l + 4 = 37, -3*l + k = 3*t. What is the remainder when 19 is divided by t?
8
Let j(s) = -s - 3. Let l be j(0). Let i = l - -2. Let y(w) = 15*w**2 - 1. Calculate the remainder when y(i) is divided by 8.
6
Suppose -4*j = -5*d - 31, -15 = -3*j - 2*d + 3*d. Let t = -92 + 99. Calculate the remainder when t is divided by j.
3
What is the remainder when 34 is divided by (-2)/((-33)/(-39) + -1)?
8
Let w(s) = -s**2 - 6*s + 6. Suppose 3*z - 48 = 48. What is the remainder when z is divided by w(-5)?
10
Suppose 110 = 2*w + 4*a, 3 - 73 = -w - 5*a. Suppose 19 = 3*s - 29. Calculate the remainder when w is divided by s.
13
Let k be (6 - 6)/(-1*1). Suppose -49 = -a - 4*d, k*a = -2*a - 4*d + 86. What is the remainder when a is divided by 19?
18
Suppose 4*i - 2*x - 42 = 0, -4*x = 2*i + 3*i - 46. Let t = -39 + 66. What is the remainder when t is divided by i?
7
Let r = 2 - -2. Calculate the remainder when r is divided by (-2)/(-5) - (-24)/15.
0
Suppose 2 = -2*w + 130. Suppose -5*g = 2*f - w, -g - 128 = -4*f - 3*g. What is the remainder when f is divided by 17?
15
Suppose 32 = p - 17. Suppose 4*t = 3*v - 31, 0*v - 44 = -2*v - 2*t